Is 10511 a prime number?
False
Is 959 prime?
False
Is 1308178 a prime number?
False
Is 13649 a prime number?
True
Is 3697907 prime?
True
Is 96931 composite?
False
Is 48929 prime?
False
Is 360845 composite?
True
Is 6914 a prime number?
False
Is 557153 a prime number?
True
Is 2147 a prime number?
False
Is 607451 composite?
True
Is 92737 composite?
False
Is 748021 a prime number?
True
Is 10641 composite?
True
Is 32531 a composite number?
False
Is 6139 prime?
False
Is 1009 a composite number?
False
Is 200513 composite?
False
Is 59559 a composite number?
True
Is 94043 composite?
True
Is 3817 a prime number?
False
Is 1325657 a prime number?
True
Is 171757 composite?
False
Is 625829 a composite number?
True
Is 4535 composite?
True
Is 35729 prime?
True
Is 6673319 composite?
False
Is 39427 composite?
True
Is 5089 composite?
True
Is 197489 a prime number?
False
Is 42589 prime?
True
Is 3163 a composite number?
False
Is 1211051 a composite number?
False
Is 1559 prime?
True
Is 16111 composite?
False
Is 40601 prime?
False
Is 27087 a prime number?
False
Is 4187 prime?
False
Is 60437 a prime number?
False
Is 190861 composite?
True
Is 40477 a prime number?
False
Is 5923 composite?
False
Is 41279 composite?
True
Is 447247 a prime number?
True
Is 68591 a composite number?
True
Is 259 prime?
False
Is 238129 a composite number?
True
Is 1535 a composite number?
True
Is 1249999 prime?
True
Is 60397 a prime number?
True
Is 7631 composite?
True
Is 256163 a composite number?
False
Is 166517 a composite number?
True
Is 347579 prime?
True
Is 2845 a composite number?
True
Is 542999 a composite number?
False
Is 317377 a composite number?
True
Is 179549 a composite number?
False
Is 290959 prime?
True
Is 109609 a composite number?
False
Is 2719 composite?
False
Is 7933 composite?
False
Is 1065095 a composite number?
True
Is 136237 a prime number?
True
Is 393059 prime?
True
Is 1622546 a prime number?
False
Is 320899 a prime number?
True
Is 12953 a composite number?
False
Is 665869 a composite number?
True
Is 1047743 a composite number?
True
Is 2329 a composite number?
True
Is 45863 prime?
True
Is 39421 prime?
False
Is 40231 prime?
True
Is 293 a prime number?
True
Is 573 prime?
False
Is 2413 a composite number?
True
Is 49483 prime?
False
Is 78079 a prime number?
True
Is 2461 composite?
True
Is 4699 prime?
False
Is 8663 a prime number?
True
Is 5449 a prime number?
True
Is 150193 a composite number?
False
Is 372499 composite?
True
Is 691 composite?
False
Is 168823 composite?
True
Is 74821 composite?
False
Is 1076618 a composite number?
True
Is 569143 a prime number?
False
Is 26209 a composite number?
False
Is 69815 a composite number?
True
Is 32321 prime?
True
Is 413 composite?
True
Is 5638 composite?
True
Is 213691 a composite number?
True
Is 18899 a composite number?
False
Is 53503 a prime number?
True
Is 45863 composite?
False
Is 74687 prime?
True
Is 223 a prime number?
True
Is 4583 a composite number?
False
Is 51451 composite?
True
Is 1202585 a composite number?
True
Is 20417 composite?
True
Is 11153 prime?
False
Is 108451 a composite number?
True
Is 155603 a prime number?
False
Is 16313 prime?
False
Is 97919 composite?
False
Is 1097101 a prime number?
True
Is 3371 a prime number?
True
Is 11827 a prime number?
True
Is 13726 prime?
False
Is 168433 prime?
True
Is 4399 composite?
True
Is 24221 a composite number?
True
Is 5774 a composite number?
True
Is 8509 composite?
True
Is 1798769 a composite number?
True
Is 4661 prime?
False
Is 223521 composite?
True
Is 321547 prime?
True
Is 127 composite?
False
Is 203183 prime?
True
Is 6641 composite?
True
Is 46 prime?
False
Is 4822859 composite?
False
Is 275627 a prime number?
False
Is 106549 a composite number?
True
Is 21553 a composite number?
True
Is 224251 composite?
False
Is 20311 a prime number?
False
Is 9687 prime?
False
Is 1949111 a composite number?
False
Is 14614 a composite number?
True
Is 63373 a prime number?
False
Is 40879 a prime number?
True
Is 4381 a prime number?
False
Is 279637 a composite number?
False
Is 325747 composite?
False
Is 26819 prime?
False
Is 122233 prime?
False
Is 7669 a composite number?
False
Is 2267 prime?
True
Is 147659 a prime number?
False
Is 329293 a prime number?
True
Is 25429 composite?
True
Is 20987 prime?
False
Is 5207 composite?
True
Is 159977 composite?
False
Is 573 prime?
False
Is 164701 composite?
False
Is 22863 composite?
True
Is 67061 prime?
True
Is 16127 prime?
True
Is 94559 a prime number?
True
Is 126713 a composite number?
False
Is 1549129 a prime number?
True
Is 130619 a composite number?
False
Is 9133 composite?
False
Is 26947 a composite number?
False
Is 201935 a prime number?
False
Is 4903 a prime number?
True
Is 5021 prime?
True
Is 14165 a prime number?
False
Is 1928477 a prime number?
False
Is 4861 prime?
True
Is 2447 a prime number?
True
Is 5381 a prime number?
True
Is 5791 prime?
True
Is 550961 a composite number?
False
Is 82893 a composite number?
True
Is 3090181 prime?
True
Is 3755361 prime?
False
Is 12781 a composite number?
False
Is 1533863 a composite number?
True
Is 1097371 prime?
False
Is 39493 a composite number?
True
Is 1005359 a composite number?
False
Is 552127 a composite number?
False
Is 508874 composite?
True
Is 8986 a prime number?
False
Is 6163 a prime number?
True
Is 118033 a prime number?
True
Is 1535 a composite number?
True
Is 67255 prime?
False
Is 121903 a prime number?
False
Is 11213 a prime number?
True
Is 67261 prime?
True
Is 37189 a prime number?
True
Is 10411 composite?
True
Is 392879 prime?
True
Is 242699 a prime number?
False
Is 7941 prime?
False
Is 55951 a composite number?
True
Is 327269 a composite number?
True
Is 1017443 prime?
False
Is 490057 composite?
False
Is 3227 composite?
True
Is 384467 a composite number?
True
Is 228203 a composite number?
False
Is 223061 prime?
True
Is 7603 prime?
True
Is 26089 composite?
True
Is 1843 a composite number?
True
Is 282794 prime?
False
Is 35921 a prime number?
False
Is 37781 a prime number?
True
Is 75217 prime?
True
Is 180949 prime?
True
Is 324113 composite?
False
Is 4909 composite?
False
Is 660683 a prime number?
True
Is 7167 prime?
False
Is 5581 a prime number?
True
Is 24686 a prime number?
False
Is 1187 prime?
True
Is 31469 a composite number?
False
Is 77069 composite?
False
Is 94343 composite?
False
Is 156059 prime?
True
Is 2579 prime?
True
Is 109117 prime?
False
Is 59743 a composite number?
False
Is 2554 prime?
False
Is 19811 a composite number?
True
Is 1151 composite?
False
Is 307859 a composite number?
False
Is 38783 prime?
True
Is 54123 composite?
True
Is 1233851 composite?
False
Is 570107 a composite number?
False
Is 395 a composite number?
True
Is 321991 a prime number?
True
Is 167861 a prime number?
True
Is 99147 composite?
True
Is 179317 a prime number?
True
Is 4327 prime?
True
Is 613291 composite?
True
Is 440159 composite?
False
Is 186539 prime?
False
Is 1609847 composite?
True
Is 6197 a prime number?
True
Is 41315 a prime number?
False
Is 131149 composite?
False
Is 591907 prime?
False
Is 51533 a prime number?
False
Is 9719 prime?
True
Is 913073 a prime number?
False
Is 36338 prime?
False
Is 1086853 prime?
False
Is 12867 prime?
False
Is 1937 composite?
True
Is 1011851 a prime number?
False
Is 84253 a prime number?
False
Is 7051 a composite number?
True
Is 145511 composite?
False
Is 359 prime?
True
Is 12013 composite?
True
Is 1145 composite?
True
Is 112319 a prime number?
False
Is 558799 composite?
True
Is 174481 a composite number?
False
Is 26879 prime?
True
Is 306971 composite?
True
Is 765577 composite?
False
Is 2819 a prime number?
True
Is 105373 composite?
False
Is 5293 a prime number?
False
Is 85637 composite?
True
Is 268091 a composite number?
False
Is 705593 prime?
False
Is 1643 a composite number?
True
Is 735011 a prime number?
False
Is 27469 a composite number?
True
Is 13997 prime?
True
Is 48497 prime?
True
Is 721457 prime?
False
Is 23719 a prime number?
True
Is 96517 prime?
True
Is 67109 a composite number?
True
Is 967 a composite number?
False
Is 370523 a prime number?
False
Is 2629 a prime number?
False
Is 14349 a composite number?
True
Is 12819 a composite number?
True
Is 41443 composite?
False
Is 6421 composite?
False
Is 10951 composite?
True
Is 10637 prime?
False
Is 78531 prime